 j. Is (-4)/26 - k/(-78) a composite number?
False
Let k(p) = -26*p**2 + 2. Let v be k(-19). Let b = 14423 + v. Is b a prime number?
True
Suppose 15*p - 22 = 4*p. Let r be (p/(-12)*-3)/(1/6). Suppose r*u = 997 + 1112. Is u a composite number?
True
Is -1*18/54 + 4131109/3 - -1 prime?
True
Suppose -2*w + 5*z = 42, -4*w - 50 + 2 = -z. Let n(c) be the second derivative of -94*c**3/3 - 15*c**2/2 - c. Is n(w) composite?
False
Let v(l) = -22*l - 42. Let w be v(-5). Let x(f) = -70*f**2 + w*f**2 + 345*f**3 + 2 - 899*f**3. Is x(-1) a composite number?
True
Let i(f) = 4*f**3 + 3*f**2 + 6*f - 14. Let u = 49 + -44. Is i(u) a prime number?
False
Let n(s) = 79*s**3 - 15*s**2 + 10*s - 22. Let v(a) = -160*a**3 + 29*a**2 - 20*a + 46. Let f(g) = -5*n(g) - 3*v(g). Is f(5) composite?
True
Suppose -3*r + 474 = -4*y, 10*r - 4*y - 782 = 5*r. Suppose -5*k + 258 = 3*f, k - f = 4*k - r. Is (-1 - 2)*5/(-15)*k a composite number?
True
Let y(a) = 20*a - 117. Let i(j) = -10*j + 59. Let h(t) = -7*i(t) - 4*y(t). Let u be h(9). Is (-10)/u + 15394*(-3)/(-14) prime?
True
Suppose -w - 2*y + 15840 = 2*w, -3*w - 4*y + 15846 = 0. Let v = w - 1476. Suppose -g + v = g. Is g prime?
True
Suppose 17*t - 5*t = 52 + 284. Suppose 3*d + o = -27 - 16, -74 = 5*d + 4*o. Is 1480/t + (-2)/d composite?
False
Is 52/(32 - 19)*(198916/(-16))/(-1) a prime number?
False
Suppose 21871*g - 21927*g + 8280104 = 0. Is g prime?
True
Let i = -84 - -89. Suppose 3*k = 9, 3*k + 2124 + 2372 = i*q. Is q a composite number?
True
Let r be (45/(-27))/(2/(-48)). Suppose 44*u = r*u + 8660. Is u a composite number?
True
Suppose x - 5 = -2*a + 7, -5*x - 3*a = -88. Suppose -21*i + x*i = -5*f - 397, f + 758 = 2*i. Is i composite?
True
Let q = 2684455 + -892826. Is q a prime number?
False
Let r be 7/((-84)/9) - 3/(-4). Is -24 + 818 - (1 + (2 - r)) composite?
True
Let j = -11 - -13. Suppose q - 3*w = w + 10, -3*q + 10 = -j*w. Suppose -q*g - 6808 = -10*g. Is g composite?
True
Let n(p) = 2880*p + 2411. Is n(98) a composite number?
False
Suppose 0 = -4*j, -5*q + 3*j - 3905 = 2*j. Let a = q + 13434. Is a a composite number?
False
Let k be (658/(-35))/(32/10 - 3). Let i = 82 + k. Is 125/5*i/(-20) prime?
False
Let o(v) = 57*v - 375. Let s(a) = -7*a + 47. Let l(d) = 4*o(d) + 33*s(d). Let b be l(15). Suppose 5*j + y = -4*y + 15550, -2*y = b. Is j prime?
False
Let f be (-720)/(-126) - (-4)/14. Let a(n) = n**3 - 5*n**2 - 4*n - 10. Let r be a(f). Suppose 0 = -r*u + 2*j + 848, 4*j - j - 416 = -u. Is u composite?
True
Let r = 85 + -74. Let p(n) = 53*n**2 + 8*n - 32. Is p(r) a composite number?
False
Let j(s) = -4*s**3 - s**2 - 10*s - 8. Let u(p) = 30*p**2 + 5*p + 2. Let y be u(2). Suppose 9*m = -3*m - y. Is j(m) a prime number?
False
Let r = 312222 + -142141. Is r prime?
True
Suppose 16*z = 31*z - 594885. Is z a composite number?
False
Let h = -77951 + 118644. Is h composite?
False
Suppose -f + 20 = 3*f - z, 2*z = 5*f - 25. Suppose -76 = -f*s + 9649. Suppose 8*d - s = -5*l + 3*d, -4*l + 2*d = -1556. Is l composite?
False
Let y be (115458/18)/((-1)/3). Is y/(-2)*30/105 composite?
False
Suppose 0 = -17*j + 18*j + n - 7392, -5*n + 29566 = 4*j. Is j + (-1 - (-1 + -9)) a composite number?
True
Suppose 21 + 21 = 7*c. Suppose -40*j - c = -43*j. Suppose -6*f = -j*f - 4156. Is f composite?
False
Let i be (16 - (-150)/(-10))/((-1)/(-4428)). Let s = -1687 + i. Is s a composite number?
False
Suppose 0 = -27*y + 13336 + 15635. Is y prime?
False
Suppose -37*b + 342 = -18*b. Suppose b*a = 15*a + 13497. Is a a prime number?
False
Suppose -4*x = 4, 0 = -4*z + z - 2*x + 142. Suppose 27785 = -43*v + z*v. Is v composite?
False
Let v(y) = -3 - 631*y**2 + 10 + 632*y**2 + 3*y - 5*y. Suppose 4*x = -58 + 6. Is v(x) prime?
False
Let z = 2272795 - 1598073. Is z a composite number?
True
Is 7349605/(21 + (-144)/9) a prime number?
True
Let o be 12/(-30) + (-9)/((-180)/8). Let t(m) = -2*m**2 + 7*m + 583. Is t(o) a composite number?
True
Let v(g) = 1536*g**2 + 10*g - 213. Is v(7) a composite number?
True
Let j = 1034602 - 724791. Is j a prime number?
True
Suppose 219933 = 2*u + 5*i, -4*i = 4*u - 306826 - 133070. Is u a prime number?
False
Is (-1)/5 + (-5937492)/(-310) composite?
True
Let d(t) = 873*t + 3256. Is d(57) composite?
False
Let t(k) be the first derivative of 1213*k**4 + 2*k**2 - 3*k - 73. Is t(1) prime?
False
Let d(i) = -9*i**2 - 8*i - 45. Let q be d(-7). Let o = q - -1043. Is o prime?
True
Let v(k) = k - 1. Let b be v(5). Suppose -6*z + 508 = -3*z - b*l, 341 = 2*z - 5*l. Suppose 7*t - z = -5*t. Is t a prime number?
False
Suppose 0 = -3*g + 2*k + 6, -2*g - k + 4 = -0. Let a(i) = -192*i - g + 2 - 5. Is a(-5) a composite number?
True
Let i = -346 + 349. Suppose i*u + 444 = -3*q + 1386, -2*u - 4*q = -618. Is u a composite number?
True
Suppose 13 = p - 4*v - 1, -4*p - 2*v = 16. Let s be (-12 - p)*10/(-20). Is s/10 + (-18819)/(-6) composite?
False
Let d = 11 - 0. Let c be (d/(-22) - (-2)/4) + 13. Suppose -7*o + c*o - 564 = 0. Is o composite?
True
Let t be 164/9 - ((-112)/63 + 2). Suppose -105114 = -t*h + 12*h. Is h a prime number?
True
Let a(j) = -5*j**3 + 6*j**2 + 4*j - 21. Suppose 0*f - 5*l + 5 = -f, -2*f + 4*l - 10 = 0. Let v be a(f). Suppose -3072 = -2*o - v. Is o a prime number?
False
Let n = -689 + 2610. Suppose -1907 = -6*r + n. Suppose 3*s + 5*m - 2*m - 378 = 0, 5*s - 3*m - r = 0. Is s a prime number?
True
Let t(c) = -238*c - 99. Let u be t(7). Let l = u - -2880. Is l composite?
True
Suppose -436*z + 447*z - 4631 = 0. Let t = 758 - z. Is t a prime number?
True
Let a(j) = 8249*j**3 + j**2 + 7*j + 5. Let v be a(-1). Let i = 11297 - v. Is i a composite number?
True
Is (6/4 + 62/12)*572823/12 prime?
False
Is 1/(-4) + ((-1253471100)/48)/(-25) + 0 prime?
True
Suppose -5*b = 5*g - 4*g - 133653, -g + 106922 = 4*b. Is b a composite number?
False
Suppose 0 = -0*d - 10*d - 3570. Let i = 144 + d. Let u = -102 - i. Is u a prime number?
False
Let k be (2/5)/(26/(-520)). Let i = k + 11. Suppose 6*l - i*l = 771. Is l prime?
True
Suppose 0 = -2*g + 9*g + 22890. Let v = -937 - g. Is v prime?
True
Let t(f) = 47*f**2 - 4*f + 3. Suppose 3*d - 3*y - 15 = 0, 3*d - y + 13 = 8*d. Suppose 16 = 4*v + 2*a, 0 = d*v - 9*a + 10*a - 12. Is t(v) composite?
False
Suppose -3*m - 53 = l, 72 = -5*m + 2*l - 20. Let c(v) be the second derivative of -v**4/12 - 4*v**3 + 19*v**2/2 - 5*v. Is c(m) composite?
False
Let s be (-3)/(-3) - 1/(7 - 6). Suppose s = 16*o - 4*o - 32988. Is o a composite number?
False
Let f = -78 - -78. Suppose 10*b - 13*b + 36753 = f. Is b prime?
True
Is (7 - 6)/((-1)/(-5)*(-60)/(-1670892)) composite?
False
Suppose -39*s + 15187723 = 34*s. Is s composite?
True
Let s = -7964 + 13875. Is s a composite number?
True
Let h = 547599 - -187048. Is h a prime number?
True
Let v = -134 - -135. Let r be v - -3*5/5. Suppose 0 = -3*q + 15, 2*m + 6*q - r*q = 12752. Is m prime?
False
Let y = 189 - 114. Let b = 65 + y. Let f = 1345 - b. Is f a composite number?
True
Suppose 0 = 243*r - 244*r - 3. Is r + 3 + -10 + 1461 composite?
False
Suppose 0 = 2*s - 2*t - 68, 5*t + 48 = 3*s - 56. Suppose 55993 = s*n - 62444. Is n composite?
True
Let j = 107 - 93. Suppose j*k - 20000 = 9*k. Suppose -i + 0*i + 2*y = -793, -3*y = -5*i + k. Is i a prime number?
False
Is (16514476/632)/((-2)/(-4)) composite?
True
Suppose 3*y = 2*q - 19, -q - 4*y = -3*q + 18. Suppose q*u - 2*u = 13806. Suppose -5*c + u = -3*c. Is c composite?
True
Let d(l) be the second derivative of -3*l**5/5 + 7*l**4/12 - l**3/3 + l**2/2 + 3*l + 13. Is d(-6) a composite number?
False
Suppose 0 = 5*p, 4*i - 5*p - 12 = -3*p. Suppose 4*a + i*a - 483 = 0. Is (-6634)/(-4) + a/(-46) a prime number?
True
Let n(b) = -1115*b + 3299. Is n(-46) a prime number?
False
Suppose 561540 = 20*p - 1335880. Is p a prime number?
False
Suppose -3*s + 702481 = 4*v, 488221 = -4*s - 5*v + 1424864. Is s a prime number?
True
Let h(n) = -17*n**3 - 57*n**2 + 78*n + 39. Is h(-17) composite?
False
Let y(s) = 294*s**2 - 83*s - 533. Is y(-8) a prime number?
True
Suppose -4*g = -29*g - 28*g + 1508645. Is g a prime number?
False
Let r(q) = -q**3 - 18*q**2 - 15*q + 40. Let k be r(-17). Let p be ((-42)/10 + k)*(-20)/(-6). Let b(u) = 18*u**3 + 5*u**2 + 5*u + 11. Is b(p) composite?
True
Let o(u) = 90*u**3 - 2*u**2 - 6*u. Let t(h) = -179*h**3 + 3*h**2 + 12*h - 1. Let f(m) = -